-1 + r. What is the remainder when 31 is divided by c?
15
Suppose -6 = -4*q - 4*v - 18, 5*q + v = 1. Suppose -z - 4*b = 2*z - q, -4*z - 4*b = -8. Calculate the remainder when z is divided by 3.
1
Suppose 0*k = 3*k - 153. Let d = k + -17. What is the remainder when d is divided by 18?
16
Suppose -5*k + 6*k + 6 = 0. Let x(i) = -3*i - 5. Let q = 29 + -4. Calculate the remainder when q is divided by x(k).
12
Let w(d) = 2*d**2 + 2*d - 1. Let a be w(1). Suppose 2 = x - a. Suppose x*i - 14 = 146. What is the remainder when i is divided by 17?
15
Calculate the remainder when 2*(-39)/(-6)*1 is divided by 7.
6
Let f = 100 + -22. What is the remainder when f is divided by 41?
37
Suppose 3*d - n = 109, n + 0*n - 171 = -5*d. Suppose 5*i - 51 = 2*i + 3*s, 4*s - 58 = -3*i. What is the remainder when d is divided by i?
17
Let g be 4/(-6) + (-654)/(-9). Suppose 0*o = 3*o - g. What is the remainder when o is divided by 13?
11
Let j = 25 - 16. What is the remainder when 34 is divided by j?
7
Let f(o) = -4*o**3 - o**2 + o + 1. Suppose -13 + 6 = -t + 2*d, 2*t - 2*d = 18. Calculate the remainder when t is divided by f(-1).
2
Calculate the remainder when 29 is divided by (-92)/(-6) + (-1)/3.
14
Suppose 26 = m + 5. Calculate the remainder when m is divided by 12.
9
Let p(j) = -j**2 - 5*j. Let l be p(-6). Let r = 6 - l. Calculate the remainder when 22 is divided by r.
10
Suppose 0 = m + 2*m - 42. Calculate the remainder when m is divided by 4.
2
Let m = -5 + 17. Let c(u) = u**2 - 6*u - 5. What is the remainder when c(-3) is divided by m?
10
Let a(i) = 3*i**2 + 6*i + 6. Let g(z) = z**2 - 5*z + 7. Calculate the remainder when a(-5) is divided by g(6).
12
Suppose 4*c + c + 2*p = 113, -2*c + 26 = -4*p. Calculate the remainder when 82 is divided by c.
19
Let h = 18 + 21. What is the remainder when h is divided by (-4 - -2)/(-2) + 13?
11
Let w be (-12)/(-9)*9/6. Let s = 6 - 4. Suppose w*b = -0*b + s. What is the remainder when 2 is divided by b?
0
Let f be (-6)/(-15) + 69/15. Suppose 3*r = -6, -h - 5*r = -f*h + 86. Calculate the remainder when 73 is divided by h.
16
Suppose -2*l - 19 = -75. Let i(n) = 6*n - 21. Calculate the remainder when l is divided by i(6).
13
Let o be 6/(-15) - 4/(-10). Let r be (o - (1 + -1))/(-1). Calculate the remainder when -1 + (r - -2) + 17 is divided by 10.
8
Let x(h) = h**2 + 6*h - 3. Let p be x(-7). Suppose 5 = -g - p*g. Calculate the remainder when 3/g + (-11)/(-1) is divided by 5.
3
Suppose 4*f + 0*f - 4 = 0. What is the remainder when 11 - (2/f - 5) is divided by 4?
2
Let p = 4 - -26. Let l = -3 + p. Calculate the remainder when l is divided by 15.
12
Let m = -53 + 99. Let u = 54 - 38. Calculate the remainder when m is divided by u.
14
Let a(k) = -36*k - 9. Let v(d) = -18*d - 5. Let t(l) = -6*a(l) + 11*v(l). What is the remainder when 678/21 - 4/14 is divided by t(1)?
15
Calculate the remainder when (0 + (-12)/(-8))*448/12 is divided by 19.
18
Let l(d) = 17*d**2 - 10*d**2 + 11*d**2 - d. What is the remainder when l(-1) is divided by 40/6 + 3/9?
5
Suppose -4*k + 11 = -105. Calculate the remainder when 55*(1 + 0) + 0 is divided by k.
26
Let r = 9 - -47. Calculate the remainder when r is divided by 10.
6
Let q = 70 + -48. What is the remainder when 39 is divided by q?
17
Calculate the remainder when -2 - 3 - (5 - 69) is divided by 5.
4
Suppose -5*n - 23 - 2 = 0. Let o = n + 19. What is the remainder when 26 is divided by o?
12
Let x(r) be the first derivative of -r**2/2 + 1. Let b be x(0). Suppose b = 2*w - w - 7. Calculate the remainder when w is divided by 3.
1
Suppose -3*g - q = -103, -g + 33 = q - 2. Calculate the remainder when g is divided by 7/2*(-252)/(-49).
16
Let g(r) = -r**2 + 12*r - 16. What is the remainder when (1*-2 - -12) + 1 is divided by g(10)?
3
Let s = -17 + 35. Suppose 3*i - 31 = 2. Calculate the remainder when (i - 0)/((-1)/(-3)) is divided by s.
15
Let y(u) = -6*u - 5. Calculate the remainder when 81 is divided by y(-5).
6
Let o = 33 + -22. Calculate the remainder when o is divided by 2.
1
Let o(f) = -4*f - 10. Let c be o(-4). Let k = 8 - 6. Suppose k*j = c*j - 5*z - 28, 2*j + 4*z = 14. Calculate the remainder when 20 is divided by j.
6
Let w(k) = -1 + 0 + 17*k**2 - 5*k**2. Let g(s) = s**3 - s**2 - 1. Let q be g(0). Calculate the remainder when 21 is divided by w(q).
10
Suppose -6*s + s - 287 = -4*z, -2*z + 145 = -s. Calculate the remainder when z is divided by (2 - 58)/(-2) - (-1 - -4).
23
Let r = 3 + -1. Suppose -5*a + 58 = -r. Calculate the remainder when 22 is divided by a.
10
Suppose -3*n + 21 = 2*a, -2*n + 4*n + 3*a = 19. Suppose -8 + 88 = n*u. What is the remainder when 61 is divided by u?
13
Let h = 154 - 133. Calculate the remainder when 58 is divided by h.
16
Suppose 6*b - 3*b + 6 = 0. Let n be ((-3)/b)/(24/(-64)). What is the remainder when (-42)/n*2/3 is divided by 5?
2
Let p = -99 + 110. Calculate the remainder when 21 is divided by p.
10
Suppose -2*k - 5*y = 3*k - 130, 0 = 5*k + 4*y - 133. Calculate the remainder when k is divided by 10.
9
Let d(z) = z**3 + z + 11. Suppose 0 = 5*y - 0*y - 55. Let x = -5 + y. Calculate the remainder when d(0) is divided by x.
5
Suppose 0 = n + 3*m + 15, 0*n - 4*n - 112 = -m. Let v = n + 74. What is the remainder when v is divided by 16?
15
Let x be (-4)/10 + (-17)/(-5). Let r be -3*x/6*4. Let i = r - -11. What is the remainder when 14 is divided by i?
4
Suppose u - 6*u = -170. Calculate the remainder when u is divided by 18.
16
Calculate the remainder when 17 is divided by (-4 - (-51)/12)*28.
3
Suppose -2*h + 20 = 8*h. What is the remainder when 6 is divided by h?
0
Let t = 6 - 6. Suppose -3*p + 4*p - 27 = t. Calculate the remainder when p is divided by 7.
6
Let l = 58 + -33. Suppose l*t - 20 = 20*t. What is the remainder when 14 is divided by t?
2
Suppose -o + 2*o - 15 = 0. Let i(h) = h**3 - 4*h**2 - 8*h + 5. What is the remainder when i(6) is divided by o?
14
Suppose d + 2*v = -2, -2*v = -0*v + 4. Let t = -1 - d. Let q(i) = -3*i - 2. Calculate the remainder when 19 is divided by q(t).
5
Let v(m) = -m**2 + 10*m + 9. Let t(u) be the second derivative of 17*u**4/12 + u**3/3 + u**2/2 - 3*u. Calculate the remainder when v(7) is divided by t(-1).
14
Let r = -46 + 9. What is the remainder when (1 + -3)*r/2 is divided by 13?
11
Let m = 4 + 4. Let p = 40 - m. Let n = 36 + -19. Calculate the remainder when p is divided by n.
15
Let d(w) = -w**3 - 6*w**2 + 2*w + 9. Let b(g) = 2*g**3 + 6*g**2 - 2*g - 10. Let c(p) = -2*b(p) - 3*d(p). Calculate the remainder when 30 is divided by c(5).
6
Let b(u) = -u**3 - u**2 + u - 1. Let q be b(-3). Suppose 0 = -4*o + 6*o - q. Let g = -19 - -31. Calculate the remainder when g is divided by o.
5
Let r = -7 + 10. Suppose 3*b + 5 = -b - 3*q, -4*b - 7 = q. Let f = b + 7. What is the remainder when f is divided by r?
2
Suppose 5*a = -17 + 37. Suppose -2*i = -4*o - 0*i + 30, 24 = 4*o - 4*i. Calculate the remainder when o is divided by a.
1
Let v = 40 + -28. Let m(u) = u**3 - 4*u**2 + 2*u - 1. Suppose 4*z + 4*j = 24, 4*z + j - 9 - 9 = 0. Calculate the remainder when v is divided by m(z).
5
Suppose 0*h + h - 7 = 2*i, i = -4*h + 46. Suppose -5*c = -3*a - 37, -6*a - h = -2*c - a. What is the remainder when 23 is divided by c?
7
Suppose -4*m + 16 = 0, 2*i - 2*m + 168 = 7*i. Let x be ((-6)/4)/(4/(-72)). Let b = 38 - x. What is the remainder when i is divided by b?
10
Let t = 0 - -12. Calculate the remainder when 22 is divided by t.
10
Suppose -26 = -4*p + 2*p. What is the remainder when -2 + 1 + -3 + 27 is divided by p?
10
Suppose -2*u + 189 = -5*q, -3*u + 5*q + 326 = 6*q. Calculate the remainder when u is divided by 37.
33
Suppose -6 = -0*w + w. Calculate the remainder when 2/2*87/3 is divided by 2/1*(-45)/w.
14
Let s(z) = 4*z**2 - z + 1. Calculate the remainder when s(-2) is divided by (-891)/(-88) - 1/8.
9
Suppose 2*n = -5*b + 110, 5*n + 4*b = -0*n + 275. Calculate the remainder when n is divided by 8.
7
Let m(i) = i**3 + 7*i**2 + 3*i + 10. Calculate the remainder when 110 is divided by m(-6).
26
Let i be 86/18 - 6/(-27). Suppose 4*t - 19 - i = 0. Let n(z) = -z**3 + 5*z**2 + 5*z + 7. What is the remainder when 2 is divided by n(t)?
0
Let b(v) = -v**2. Let i(p) = -p**3 + 11*p**2 + 8*p - 9. Let d(s) = -4*b(s) - i(s). Calculate the remainder when ((-34)/6)/